*2 - 9*w + 12. Let p be g(-11). Let b = p + 8. What is the tens digit of 40/b*(2 + -3)?
2
Suppose -23 = -z - 0*z + 3*u, -5*z = u - 99. Let w be z/(-8)*(-92)/5. Suppose j = 3*j - w. What is the units digit of j?
3
Let z = 954 + -478. What is the units digit of z?
6
Let o = 1129 - -42. What is the thousands digit of o?
1
Suppose 0 = 3*g - 3*j + 90, -5*g + 0*j = -j + 150. Suppose 5*u = 3*d + 11, -u - 17 = d - 0. What is the units digit of (d/(-9))/((-1)/g)?
0
Let o(x) = -x**3 - 28*x**2 + 2*x + 62. Let s be o(-28). Suppose -10*q + 772 = -s*q. What is the hundreds digit of q?
1
Suppose 3*k = -5*i + 297 + 62, 3*k + 152 = 2*i. What is the tens digit of i?
7
Suppose 4*v + q - 2253 = 0, 0 = 3*v + q - 84 - 1605. What is the hundreds digit of v?
5
Suppose 7*i - 2*i = 50. Let g = 10 - i. Suppose v - 20 = -g. What is the units digit of v?
0
Suppose 69*w - 359150 = -55619. What is the hundreds digit of w?
3
Let x = 28 - 26. Suppose 5 = -x*h + 11. Let d = h - -50. What is the tens digit of d?
5
Let l = 29 - 25. Suppose l*w - 123 = 145. What is the tens digit of w?
6
Let x = 6 - 4. Suppose 0 = x*k - 5 + 1. Suppose -f + 0*f - 7 = k*j, -20 = 5*j. What is the units digit of f?
1
Let b = -39 + 44. Suppose -b*l + 447 = -4*g, 0*l - 2*g + 277 = 3*l. What is the units digit of l?
1
What is the units digit of 4/10 + (-20961)/(-85)?
7
Let i(a) = 26*a**3 + 6*a**2 - a + 7. Let m(p) = 25*p**3 + 5*p**2 + 6. Let n(l) = 4*i(l) - 5*m(l). What is the units digit of n(-2)?
0
Suppose -5*k + 276 = k. Suppose 0 = 2*a - k - 68. Let g = a - 33. What is the tens digit of g?
2
Let l be -1*((10 - 5) + 1). Let c(p) be the first derivative of -p**4/4 - 5*p**3/3 + p**2 + 5*p + 1. What is the units digit of c(l)?
9
Suppose -2*o + 8 = 2*a, 4*o = -5*a - 0*a + 16. Suppose 2*l = -a*l + 4, x = -4*l + 52. What is the units digit of x?
4
Let m be (3 - 1) + (2 + -2)/4. Let f(y) = -y**3 + 4*y**2 + 2*y + 2. Let q be f(4). Suppose -m*i + q - 2 = 0. What is the units digit of i?
4
Let m = -1452 - -2055. Suppose m + 309 = 4*r. What is the units digit of r?
8
Let d(x) be the second derivative of x**4/4 + x**3/3 - 5*x**2/2 + 4*x. What is the units digit of d(-3)?
6
Let u(m) = m**3 + 10*m**2 - 2*m - 20. Let r be u(-10). Suppose 75 = y - 3*i, r*y = -y + 5*i + 75. What is the units digit of y?
5
Suppose 4*i = 5*q + 28, 4*i - 11 = q + 1. Suppose 4*c + 5*r - 11 = 0, 3*c - 11 = -r - 0*r. What is the units digit of i - c - 15/(-1)?
3
Suppose -2*h + 0 = -10. Suppose -7*w = -0*w - 77. Suppose h = n, n = -k + w + 1. What is the units digit of k?
7
Let a be ((-108)/(-8))/(-9)*488/(-6). Let q = a - 105. What is the tens digit of q?
1
Let r be (-2)/7 - 2/(-7). Let o = r - -5. Suppose 0 = -4*w - o + 9. What is the units digit of w?
1
Suppose 4*i - 5 = -i + 3*z, z - 2 = -2*i. What is the tens digit of (-925)/(-15) + i/3?
6
Let n be (-16)/(-28) - (-432)/(-21). Let d = 16 + -25. Let r = d - n. What is the tens digit of r?
1
Suppose z = -z + 6. Let h be 1/z*0/1. Suppose h = -3*o + 37 - 4. What is the tens digit of o?
1
Let b(n) = -39*n**3 - 17*n**2 - 11*n - 14. What is the tens digit of b(-4)?
5
Let o(m) = -34*m + 42. Let d(z) = 11*z - 14. Let n(q) = 14*d(q) + 5*o(q). What is the tens digit of n(-6)?
1
Let r = 64 - -4699. What is the units digit of r?
3
What is the hundreds digit of (2822/10 - 13)*20?
3
Let m(a) = 4*a**2 - 5*a + 3. Let b be m(-3). Suppose -3*u = b - 288. What is the tens digit of u?
7
Suppose 7210 = 5*i + 3*a, -417 = -i - 4*a + 1042. What is the thousands digit of i?
1
Let x be (0 + 0 - 2) + (1 - -2). What is the units digit of x - -4*((-1180)/(-16))/5?
0
Let c = -352 - -167. Let m = -128 - c. What is the units digit of m?
7
Suppose 0 = 5*d - 29 + 9. Suppose d*w - 32 = c - 5*c, 0 = 4*c - 20. What is the units digit of w/3 - -5*1?
6
Let c(w) = 70*w**2 + 33*w - 2. What is the tens digit of c(-8)?
1
Let l(m) = -m**3 + 3*m**2 - 2. Let h be l(-1). Suppose 0*g + 232 = h*g. What is the hundreds digit of g?
1
Let c be (-10*3/6)/(-1). Suppose c*g = -41 + 86. What is the units digit of g?
9
Let u(w) = -9*w - 14. Let a(l) = -26*l - 43. Let i(b) = -6*a(b) + 17*u(b). What is the tens digit of i(7)?
4
What is the hundreds digit of (2586 + -4)*5/10 + 4?
2
What is the thousands digit of 0 - (-6 + (-2 - 1317))?
1
Let q = -11 + 17. Let b(k) = k**3 - 6*k**2 - 7. Let d be b(q). Let g(h) = -3*h - 3. What is the units digit of g(d)?
8
Suppose 2*b + 2578 = -j + 3*j, -2*b + 5174 = 4*j. What is the hundreds digit of j?
2
Let f = 6 - 2. Suppose 5*l + 5 = 2*p - 1, -3*p = f*l - 9. Suppose 5*k - 5*z - 215 = l, -k - 2*z - 131 = -4*k. What is the units digit of k?
5
What is the thousands digit of (1350/(-12))/1*-1*16?
1
Suppose -4*b + 3*g + 65 = -32, g = -3. Suppose 0 = -5*i + 7*i + b. What is the units digit of (-2)/i - (-784)/44?
8
Let u be -28*((-9)/(-3))/(4 + -6). Suppose -126 = -4*m + u. What is the units digit of m?
2
Let a(z) = 425*z**2 - 2*z + 2. What is the hundreds digit of a(1)?
4
Let u(k) be the second derivative of -1/20*k**5 + 7/2*k**2 - 8*k + 2/3*k**3 + 0 + 1/2*k**4. What is the units digit of u(5)?
2
Let u = -34 + 31. What is the tens digit of u/(-27) + (-1276)/(-18)?
7
Let k(l) = -l**3 + 3*l**2 + 5. What is the tens digit of k(-9)?
7
Suppose 0 = 2*n + n + 108. Let z = n - -20. Let v = z - -57. What is the units digit of v?
1
Suppose 49 = -23*x + 256. Let d be 20*1*(-2)/(-4). Let c = x + d. What is the units digit of c?
9
Suppose 66 = 4*t + 5*w, 3*w - 21 = -5*t + 55. Let n(f) = f**2 + 9*f - 16. Let m be n(-12). Let g = m + t. What is the units digit of g?
4
Let q(a) = -4*a - 5 + 3*a + a**2 - 4*a. Suppose -2*c = -5*c - 6. What is the units digit of q(c)?
9
Suppose -406 = -4*l + 2*z, -2*z - z + 3 = 0. Suppose -l = -2*t - 0*t. What is the tens digit of t - (-3)/((-12)/8)?
4
Let t(w) = w**3 + 11*w**2 + 12*w + 20. Let p be t(-9). Suppose -q - 226 + p = -5*b, 3*b - 78 = 5*q. What is the tens digit of b?
3
Let z(u) be the third derivative of -u**6/120 + u**5/4 + 7*u**4/24 + 11*u**3/3 + 18*u**2. What is the hundreds digit of z(15)?
1
Let y be (12/(-5))/(2/(-5)). What is the tens digit of 26 + 2/(-4) + y/12?
2
Let c be 9/(-2)*(-2)/(-3). What is the tens digit of 66 - (c - -3) - 1?
6
Let m(d) be the second derivative of d**4/3 - d**3/3 + 3*d**2/2 - 9*d. Suppose w = -3*w + 8. What is the units digit of m(w)?
5
Let a(g) = 13*g**3 - 3*g**2 + 7*g + 8. What is the thousands digit of a(5)?
1
Let l(x) = -2*x**3 - 8*x**2 + 7*x + 23. What is the units digit of l(-9)?
0
Let q = -1089 - -2352. What is the hundreds digit of q?
2
Let a = 32 + -12. Suppose 3*x - 7*x = -a. Suppose -x*j - 4*s = -44, 3*s + 21 + 16 = 5*j. What is the units digit of j?
8
Let f = 330 + -131. What is the units digit of f?
9
Suppose 5*j - 7 - 13 = 0. Suppose s - j*u = 3, -19 = -0*s - 2*s - 5*u. Suppose 124 = s*p - 3*p. What is the units digit of p?
1
Suppose -5*z - 72 = -f + 76, -5*f + 3*z = -740. What is the hundreds digit of f?
1
Let m be ((-10)/(-2) - 1) + -4. Let v = -12 - -18. Suppose 3*t = v, d + m*d = -3*t + 8. What is the units digit of d?
2
Let n be ((-15)/(-25))/(1/205). Suppose -45 + n = 2*i. What is the tens digit of i?
3
Let m = -132 + 517. What is the tens digit of m?
8
Suppose -9*c - 8718 + 33765 = 0. What is the hundreds digit of c?
7
Suppose i - 352 - 363 = 0. Suppose 123 = -8*d + i. Let n = -32 + d. What is the tens digit of n?
4
Let g(q) = q**2 + 2*q + 114. What is the units digit of g(25)?
9
Let h = 11 + -9. Let r be (3/(-9))/(h/(-12)). Suppose -j + 0*n + 2*n + 11 = 0, 0 = -r*j + 2*n + 32. What is the units digit of j?
1
Let w(h) = 1. Let r(j) = -2*j + 7. Let u(f) = r(f) + 2*w(f). Let x be u(6). What is the tens digit of 38/(x + 5 + 0)?
1
Suppose -h - 2 + 0 = -5*i, 2*h = 5*i + 6. Let r = -3 + h. Suppose -d - 9 = -6*q + 3*q, -3*q - 9 = r*d. What is the units digit of q?
2
Suppose p - d - 2893 = -886, 4*p - 3*d = 8033. What is the tens digit of p?
1
Let f = 42 - 29. Suppose -5*q + 4*q = -f. Suppose 0*o - 2*o + 5*t + q = 0, -5*o = -4*t - 24. What is the units digit of o?
4
Let h = 45 + -45. Suppose h = 2*i - 0*i + 2*u - 122, 0 = i + 2*u - 58. What is the tens digit of i?
6
Let p(x) = 17*x**2 + 4*x - 59. What is the thousands digit of p(8)?
1
Let p(d) = 2*d + 29. Let k be p(-13). Suppose -5*v - 3*f + 534 = 0, k*v - 36 = -4*f + 291. What is the hun